{"id":3189,"date":"2026-03-03T10:20:46","date_gmt":"2026-03-03T10:20:46","guid":{"rendered":"https:\/\/kawazpianka.pl\/?post_type=product&#038;p=3189"},"modified":"2026-03-04T09:01:08","modified_gmt":"2026-03-04T09:01:08","slug":"krem-warszawski-190g","status":"publish","type":"product","link":"https:\/\/kawazpianka.pl\/index.php\/produkt\/krem-warszawski-190g\/","title":{"rendered":"Krem Warszawski 190g"},"content":{"rendered":"<p>Krem z orzech\u00f3w laskowych i \u0142uski kakaowca. Produkt zawiera substancje s\u0142odz\u0105ce i naturalnie wyst\u0119puj\u0105ce cukry.<\/p>\n<p>SK\u0141ADNIKI: manna kokosowa, <strong>pasta z orzech\u00f3w laskowych<\/strong> 25,5%, inulina z cykorii (b\u0142onnik pokarmowy), olej kokosowy, olej s\u0142onecznikowy, substancje s\u0142odz\u0105ce (ksylitol, erytrytol), lecytyna s\u0142onecznikowa, \u0142uska kakaowca (b\u0142onnik pokarmowy) 2,1%, karob, s\u00f3l k\u0142odawska.<\/p>\n<p><strong>Warto\u015b\u0107 od\u017cywcza w 100 g produktu:<br \/>\n<\/strong>warto\u015b\u0107 energetyczna 2265 kJ\/541 kcal, t\u0142uszcz 51 g (w tym kwasy t\u0142uszczowe nasycone 25 g), w\u0119glowodany 6 g (w tym cukry 4 g)7, B\u0142onnik 20 g, bia\u0142ko 6 g, s\u00f3l 0,11 g.<\/p>\n<p>&nbsp;<\/p>\n<p><strong>Nie zawiera:<\/strong>\u00a0glutenu, laktozy. Bez dodatku cukru. Wega\u0144ski, KETO!<\/p>\n<p>Masa netto: 190 g<\/p>\n<p>Przechowywa\u0107 w suchym miejscu w temperaturze pokojowej.\u00a0Rozwarstwienie produktu jest procesem naturalnym. Przed spo\u017cyciem wymiesza\u0107.<\/p>\n","protected":false},"excerpt":{"rendered":"<p>Krem z orzech\u00f3w laskowych i \u0142uski kakaowca. Produkt zawiera substancje  [&#8230;]<\/p>\n","protected":false},"featured_media":3209,"comment_status":"open","ping_status":"closed","template":"","meta":[],"product_brand":[],"product_cat":[97,116,43,31,30],"product_tag":[],"class_list":{"0":"post-3189","1":"product","2":"type-product","3":"status-publish","4":"has-post-thumbnail","6":"product_cat-inne","7":"product_cat-wiosna","8":"product_cat-przetwory","9":"product_cat-slodkosci","10":"product_cat-spizarnia","12":"first","13":"instock","14":"shipping-taxable","15":"purchasable","16":"product-type-simple"},"_links":{"self":[{"href":"https:\/\/kawazpianka.pl\/index.php\/wp-json\/wp\/v2\/product\/3189","targetHints":{"allow":["GET"]}}],"collection":[{"href":"https:\/\/kawazpianka.pl\/index.php\/wp-json\/wp\/v2\/product"}],"about":[{"href":"https:\/\/kawazpianka.pl\/index.php\/wp-json\/wp\/v2\/types\/product"}],"replies":[{"embeddable":true,"href":"https:\/\/kawazpianka.pl\/index.php\/wp-json\/wp\/v2\/comments?post=3189"}],"wp:featuredmedia":[{"embeddable":true,"href":"https:\/\/kawazpianka.pl\/index.php\/wp-json\/wp\/v2\/media\/3209"}],"wp:attachment":[{"href":"https:\/\/kawazpianka.pl\/index.php\/wp-json\/wp\/v2\/media?parent=3189"}],"wp:term":[{"taxonomy":"product_brand","embeddable":true,"href":"https:\/\/kawazpianka.pl\/index.php\/wp-json\/wp\/v2\/product_brand?post=3189"},{"taxonomy":"product_cat","embeddable":true,"href":"https:\/\/kawazpianka.pl\/index.php\/wp-json\/wp\/v2\/product_cat?post=3189"},{"taxonomy":"product_tag","embeddable":true,"href":"https:\/\/kawazpianka.pl\/index.php\/wp-json\/wp\/v2\/product_tag?post=3189"}],"curies":[{"name":"wp","href":"https:\/\/api.w.org\/{rel}","templated":true}]}}