{"id":3187,"date":"2026-03-03T10:17:28","date_gmt":"2026-03-03T10:17:28","guid":{"rendered":"https:\/\/kawazpianka.pl\/?post_type=product&#038;p=3187"},"modified":"2026-03-03T10:53:12","modified_gmt":"2026-03-03T10:53:12","slug":"ciastko-burak-czarnuszka-60g","status":"publish","type":"product","link":"https:\/\/kawazpianka.pl\/index.php\/produkt\/ciastko-burak-czarnuszka-60g\/","title":{"rendered":"Ciastko burak-czarnuszka 60g"},"content":{"rendered":"<p>Ciastko na bazie bezglutenowych p\u0142atk\u00f3w owsianych z burakiem suszonym i dodatkiem czarnuszki.<\/p>\n<p><strong>Sk\u0142adniki<\/strong>: p\u0142atki <strong>owsiane<\/strong> bezglutenowe 21 %, olej kokosowy, daktyle, siemi\u0119 lnu z\u0142ote, m\u0105ka ry\u017cowa, m\u0105ka teff, burak suszony 6,6 %, \u0142uska babki jajowatej, czosnek suszony, s\u00f3l k\u0142odawska, czarnuszka 0,4 %, chilli, kolendra, pieprz.<\/p>\n<p><strong>Warto\u015bci od\u017cywcza w 100 g produktu:<br \/>\n<\/strong>warto\u015b\u0107 energetyczna: 1945 kJ \/465 kcal, T\u0142uszcz: 27,8 g (w tym kwasy t\u0142. nasycone: 17,6 g), W\u0119glowodany: 34 g (w tym cukry: 12,1 g), B\u0142onnik: 10,6 g,\u00a0Bia\u0142ko: 9,4 g,\u00a0S\u00f3l: 1,3g.<\/p>\n<p><strong>N<\/strong><strong>ie zawiera:<\/strong>\u00a0glutenu, laktozy. Bez\u00a0dodatku cukru. Wega\u0144ski!<\/p>\n<p>Masa netto: 60g (2szt. w opakowaniu)<\/p>\n","protected":false},"excerpt":{"rendered":"<p>Ciastko na bazie bezglutenowych p\u0142atk\u00f3w owsianych z burakiem suszonym i  [&#8230;]<\/p>\n","protected":false},"featured_media":3174,"comment_status":"open","ping_status":"closed","template":"","meta":[],"product_brand":[],"product_cat":[104,32,116],"product_tag":[],"class_list":{"0":"post-3187","1":"product","2":"type-product","3":"status-publish","4":"has-post-thumbnail","6":"product_cat-i-cos-jeszcze","7":"product_cat-masz-juz-wszystko","8":"product_cat-wiosna","10":"first","11":"instock","12":"shipping-taxable","13":"purchasable","14":"product-type-simple"},"_links":{"self":[{"href":"https:\/\/kawazpianka.pl\/index.php\/wp-json\/wp\/v2\/product\/3187","targetHints":{"allow":["GET"]}}],"collection":[{"href":"https:\/\/kawazpianka.pl\/index.php\/wp-json\/wp\/v2\/product"}],"about":[{"href":"https:\/\/kawazpianka.pl\/index.php\/wp-json\/wp\/v2\/types\/product"}],"replies":[{"embeddable":true,"href":"https:\/\/kawazpianka.pl\/index.php\/wp-json\/wp\/v2\/comments?post=3187"}],"wp:featuredmedia":[{"embeddable":true,"href":"https:\/\/kawazpianka.pl\/index.php\/wp-json\/wp\/v2\/media\/3174"}],"wp:attachment":[{"href":"https:\/\/kawazpianka.pl\/index.php\/wp-json\/wp\/v2\/media?parent=3187"}],"wp:term":[{"taxonomy":"product_brand","embeddable":true,"href":"https:\/\/kawazpianka.pl\/index.php\/wp-json\/wp\/v2\/product_brand?post=3187"},{"taxonomy":"product_cat","embeddable":true,"href":"https:\/\/kawazpianka.pl\/index.php\/wp-json\/wp\/v2\/product_cat?post=3187"},{"taxonomy":"product_tag","embeddable":true,"href":"https:\/\/kawazpianka.pl\/index.php\/wp-json\/wp\/v2\/product_tag?post=3187"}],"curies":[{"name":"wp","href":"https:\/\/api.w.org\/{rel}","templated":true}]}}