{"id":3179,"date":"2026-03-03T10:07:20","date_gmt":"2026-03-03T10:07:20","guid":{"rendered":"https:\/\/kawazpianka.pl\/?post_type=product&#038;p=3179"},"modified":"2026-03-03T10:54:33","modified_gmt":"2026-03-03T10:54:33","slug":"baton-warszawski-brownie-50g","status":"publish","type":"product","link":"https:\/\/kawazpianka.pl\/index.php\/produkt\/baton-warszawski-brownie-50g\/","title":{"rendered":"Baton Warszawski Brownie 50g"},"content":{"rendered":"<p><span data-offset-key=\"a063k-3-0\">Baton na bazie m\u0105ki jaglanej, bezcukrowej czekolady i suszonych \u015bliwek. Produkt zawiera substancj\u0119 s\u0142odz\u0105c\u0105 i naturalnie wyst\u0119puj\u0105ce cukry.<\/span><\/p>\n<p><span data-offset-key=\"a063k-3-0\"><strong>Sk\u0142adniki<\/strong>: m\u0105ka jaglana 14,7 %, olej kokosowy, daktyle, siemi\u0119 lnu z\u0142ote, czekolada gorzka bez dodatku cukru 9,3 % (miazga kakaowa, substancja s\u0142odz\u0105ca (erytrytol, glikozydy stewiolowe 0,027%), t\u0142uszcz kakaowy, inulina, odt\u0142uszczone kakao w proszku, emulgator (lecytyna s\u0142onecznikowa), naturalny aromat waniliowy. Masa kakaowa: min. 60%.), s\u0142onecznik, \u015bliwka suszona 7,7 %, wi\u00f3rki kokosowe, ksylitol (substancja s\u0142odz\u0105ca), kakao, s\u00f3l k\u0142odawska, wanilia.<\/span><\/p>\n<p><span data-offset-key=\"a063k-3-0\"><strong>Warto\u015b\u0107 od\u017cywcza w 100 g produktu:<br \/>\n<\/strong>Warto\u015b\u0107 energetyczna 1850 kJ\/442 kcal, T\u0142uszcz 29 g (w tym kwasy t\u0142uszczowe nasycone 16,8 g), W\u0119glowodany 25,2 g (w tym cukry 11,5 g), B\u0142onnik 12 g, bia\u0142ko 8,5 g, s\u00f3l 0,2 g.<\/span><\/p>\n<p>&nbsp;<\/p>\n<p><strong>Nie zawiera:<\/strong>\u00a0glutenu, laktozy. Bez dodatku cukru. Wegetaria\u0144ski!<\/p>\n<p>Masa netto: 50 g<\/p>\n","protected":false},"excerpt":{"rendered":"<p>Baton na bazie m\u0105ki jaglanej, bezcukrowej czekolady i suszonych \u015bliwek.  [&#8230;]<\/p>\n","protected":false},"featured_media":3202,"comment_status":"open","ping_status":"closed","template":"","meta":[],"product_brand":[],"product_cat":[104,97,32,116,31],"product_tag":[],"class_list":{"0":"post-3179","1":"product","2":"type-product","3":"status-publish","4":"has-post-thumbnail","6":"product_cat-i-cos-jeszcze","7":"product_cat-inne","8":"product_cat-masz-juz-wszystko","9":"product_cat-wiosna","10":"product_cat-slodkosci","12":"first","13":"instock","14":"shipping-taxable","15":"purchasable","16":"product-type-simple"},"_links":{"self":[{"href":"https:\/\/kawazpianka.pl\/index.php\/wp-json\/wp\/v2\/product\/3179","targetHints":{"allow":["GET"]}}],"collection":[{"href":"https:\/\/kawazpianka.pl\/index.php\/wp-json\/wp\/v2\/product"}],"about":[{"href":"https:\/\/kawazpianka.pl\/index.php\/wp-json\/wp\/v2\/types\/product"}],"replies":[{"embeddable":true,"href":"https:\/\/kawazpianka.pl\/index.php\/wp-json\/wp\/v2\/comments?post=3179"}],"wp:featuredmedia":[{"embeddable":true,"href":"https:\/\/kawazpianka.pl\/index.php\/wp-json\/wp\/v2\/media\/3202"}],"wp:attachment":[{"href":"https:\/\/kawazpianka.pl\/index.php\/wp-json\/wp\/v2\/media?parent=3179"}],"wp:term":[{"taxonomy":"product_brand","embeddable":true,"href":"https:\/\/kawazpianka.pl\/index.php\/wp-json\/wp\/v2\/product_brand?post=3179"},{"taxonomy":"product_cat","embeddable":true,"href":"https:\/\/kawazpianka.pl\/index.php\/wp-json\/wp\/v2\/product_cat?post=3179"},{"taxonomy":"product_tag","embeddable":true,"href":"https:\/\/kawazpianka.pl\/index.php\/wp-json\/wp\/v2\/product_tag?post=3179"}],"curies":[{"name":"wp","href":"https:\/\/api.w.org\/{rel}","templated":true}]}}