{"id":247,"date":"2025-09-07T15:41:00","date_gmt":"2025-09-07T15:41:00","guid":{"rendered":"https:\/\/kawazpianka.pl\/?post_type=product&#038;p=247"},"modified":"2026-02-20T10:58:05","modified_gmt":"2026-02-20T10:58:05","slug":"karme-love","status":"publish","type":"product","link":"https:\/\/kawazpianka.pl\/index.php\/produkt\/karme-love\/","title":{"rendered":"Karme-love"},"content":{"rendered":"<div style=\"font-family: 'Helvetica Neue',Arial,sans-serif;line-height: 1.7;color: #222;font-size: 15px\">\n<p>Rozkoszuj si\u0119 aromatem <strong>cukierk\u00f3w karmelk\u00f3w<\/strong> po\u0142\u0105czonych ze \u015bwie\u017co palon\u0105 arabik\u0105.<br \/>\nIdealna z dodatkiem <strong>cukru trzcinowego<\/strong>, kt\u00f3ry podkre\u015bla karmelowy charakter. Baza: <strong>100% Arabica z Brazylii<\/strong>.<\/p>\n<div style=\"margin: 20px 0;padding: 14px 18px;border: 1px solid #eee;border-radius: 8px\">\n<h4 style=\"margin: 0 0 10px 0;font-size: 16px;font-weight: 600\">Profil aromatyczny<\/h4>\n<ul style=\"padding: 0;margin: 0\">\n<li>\ud83c\udf6c Karmelki<\/li>\n<li>\ud83c\udf6f Karmel i br\u0105zowy cukier<\/li>\n<li>\u2615 Deserowe nuty<\/li>\n<\/ul>\n<\/div>\n<div style=\"margin-top: 14px;font-size: 14px;color: #444\">\n<p style=\"margin: 0 0 6px 0\"><strong>Sk\u0142ad:<\/strong> 100% Arabica (Brazylia), aromat.<\/p>\n<p style=\"margin: 0 0 6px 0\"><strong>Spos\u00f3b przechowywania:<\/strong> przechowywa\u0107 w suchym miejscu, temp. poni\u017cej 25\u00b0C, w szczelnie zamkni\u0119tym opakowaniu.<\/p>\n<p style=\"margin: 0;color: #a00\"><em>*Nie zalecamy stosowania w ekspresach automatycznych wyposa\u017conych w m\u0142ynek.<\/em><\/p>\n<\/div>\n<\/div>\n","protected":false},"excerpt":{"rendered":"<p>Rozkoszuj si\u0119 aromatem cukierk\u00f3w karmelk\u00f3w po\u0142\u0105czonych ze \u015bwie\u017co palon\u0105 arabik\u0105.  [&#8230;]<\/p>\n","protected":false},"featured_media":3015,"comment_status":"open","ping_status":"closed","template":"","meta":[],"product_brand":[],"product_cat":[37,26],"product_tag":[],"class_list":{"0":"post-247","1":"product","2":"type-product","3":"status-publish","4":"has-post-thumbnail","6":"product_cat-2kawa-aromatyczna","7":"product_cat-4kawa","9":"first","10":"instock","11":"shipping-taxable","12":"purchasable","13":"product-type-variable","14":"has-default-attributes"},"_links":{"self":[{"href":"https:\/\/kawazpianka.pl\/index.php\/wp-json\/wp\/v2\/product\/247","targetHints":{"allow":["GET"]}}],"collection":[{"href":"https:\/\/kawazpianka.pl\/index.php\/wp-json\/wp\/v2\/product"}],"about":[{"href":"https:\/\/kawazpianka.pl\/index.php\/wp-json\/wp\/v2\/types\/product"}],"replies":[{"embeddable":true,"href":"https:\/\/kawazpianka.pl\/index.php\/wp-json\/wp\/v2\/comments?post=247"}],"wp:featuredmedia":[{"embeddable":true,"href":"https:\/\/kawazpianka.pl\/index.php\/wp-json\/wp\/v2\/media\/3015"}],"wp:attachment":[{"href":"https:\/\/kawazpianka.pl\/index.php\/wp-json\/wp\/v2\/media?parent=247"}],"wp:term":[{"taxonomy":"product_brand","embeddable":true,"href":"https:\/\/kawazpianka.pl\/index.php\/wp-json\/wp\/v2\/product_brand?post=247"},{"taxonomy":"product_cat","embeddable":true,"href":"https:\/\/kawazpianka.pl\/index.php\/wp-json\/wp\/v2\/product_cat?post=247"},{"taxonomy":"product_tag","embeddable":true,"href":"https:\/\/kawazpianka.pl\/index.php\/wp-json\/wp\/v2\/product_tag?post=247"}],"curies":[{"name":"wp","href":"https:\/\/api.w.org\/{rel}","templated":true}]}}