{"id":1939,"date":"2025-10-22T08:42:00","date_gmt":"2025-10-22T08:42:00","guid":{"rendered":"https:\/\/kawazpianka.pl\/?post_type=product&#038;p=1939"},"modified":"2025-12-19T11:09:47","modified_gmt":"2025-12-19T11:09:47","slug":"zurawina-w-czekoladzie-100g","status":"publish","type":"product","link":"https:\/\/kawazpianka.pl\/index.php\/produkt\/zurawina-w-czekoladzie-100g\/","title":{"rendered":"\u017burawina w czekoladzie 100g"},"content":{"rendered":"<p>Suszona \u017curawina \u2022 Wy\u015bmienita czekolada deserowa \u2022 Czekoladki z Rodzinnej Fabryki \u2022 \u0179r\u00f3d\u0142o b\u0142onnika pokarmowego<\/p>\n<div class=\"table clearfix\">\n<div class=\"table-section table-top\">\n<div class=\"line\"><strong>Opis:<\/strong> Zdrowa i smaczna &#8211; taka w\u0142a\u015bnie jest nasza <strong>\u017curawina w czekoladzie<\/strong>. Suszon\u0105 \u017curawin\u0119, chwalon\u0105 za swoje w\u0142a\u015bciwo\u015bci zdrowotne, po\u0142\u0105czyli\u015bmy z czekolad\u0105 deserow\u0105 bez oleju palmowego uzyskuj\u0105c klasycznie pyszne czekoladki.<\/div>\n<div class=\"line\"><strong>Masa netto:<\/strong> 100g<\/div>\n<\/div>\n<div class=\"table-section table-bottom\">\n<div class=\"line\">\n<p>Suszona \u017curawina, Czekolada deserowa: masa kakaowa minimum 43%,<\/p>\n<\/div>\n<div class=\"line\"><strong>Warto\u015b\u0107 od\u017cywcza w 100 g:<\/strong> warto\u015b\u0107 energetyczna 1920 kJ (457 kcal), t\u0142uszcz 16 g, w tym kwasy t\u0142uszczowe nasycone 8,9 g, w\u0119glowodany 75 g, w tym cukry 65 g, bia\u0142ko 2,1 g, s\u00f3l 0,05 g.<\/div>\n<\/div>\n<\/div>\n","protected":false},"excerpt":{"rendered":"<p>Suszona \u017curawina \u2022 Wy\u015bmienita czekolada deserowa \u2022 Czekoladki z Rodzinnej  [&#8230;]<\/p>\n","protected":false},"featured_media":1900,"comment_status":"open","ping_status":"closed","template":"","meta":[],"product_brand":[],"product_cat":[94,31],"product_tag":[],"class_list":{"0":"post-1939","1":"product","2":"type-product","3":"status-publish","4":"has-post-thumbnail","6":"product_cat-bakalie-w-czekoladzie","7":"product_cat-slodkosci","9":"first","10":"instock","11":"shipping-taxable","12":"purchasable","13":"product-type-simple"},"_links":{"self":[{"href":"https:\/\/kawazpianka.pl\/index.php\/wp-json\/wp\/v2\/product\/1939","targetHints":{"allow":["GET"]}}],"collection":[{"href":"https:\/\/kawazpianka.pl\/index.php\/wp-json\/wp\/v2\/product"}],"about":[{"href":"https:\/\/kawazpianka.pl\/index.php\/wp-json\/wp\/v2\/types\/product"}],"replies":[{"embeddable":true,"href":"https:\/\/kawazpianka.pl\/index.php\/wp-json\/wp\/v2\/comments?post=1939"}],"wp:featuredmedia":[{"embeddable":true,"href":"https:\/\/kawazpianka.pl\/index.php\/wp-json\/wp\/v2\/media\/1900"}],"wp:attachment":[{"href":"https:\/\/kawazpianka.pl\/index.php\/wp-json\/wp\/v2\/media?parent=1939"}],"wp:term":[{"taxonomy":"product_brand","embeddable":true,"href":"https:\/\/kawazpianka.pl\/index.php\/wp-json\/wp\/v2\/product_brand?post=1939"},{"taxonomy":"product_cat","embeddable":true,"href":"https:\/\/kawazpianka.pl\/index.php\/wp-json\/wp\/v2\/product_cat?post=1939"},{"taxonomy":"product_tag","embeddable":true,"href":"https:\/\/kawazpianka.pl\/index.php\/wp-json\/wp\/v2\/product_tag?post=1939"}],"curies":[{"name":"wp","href":"https:\/\/api.w.org\/{rel}","templated":true}]}}