{"id":1354,"date":"2025-09-29T18:07:52","date_gmt":"2025-09-29T18:07:52","guid":{"rendered":"https:\/\/kawazpianka.pl\/index.php\/produkt\/limonkowa-nutka-2\/"},"modified":"2025-11-02T23:14:56","modified_gmt":"2025-11-02T23:14:56","slug":"limonkowa-nutka-2","status":"publish","type":"product","link":"https:\/\/kawazpianka.pl\/index.php\/produkt\/limonkowa-nutka-2\/","title":{"rendered":"Limonkowa Nutka"},"content":{"rendered":"<p>Pachn\u0105ca soczyst\u0105 cytryn\u0105 wspania\u0142a herbata sencha wesprze nasz organizm, a poza tym doskonale orze\u017awi i ukoi pragnienie w letnie upalne dni. Idealna herbata do picia o ka\u017cdej porze dnia. Idealna do picia w wydaniu bez dodatk\u00f3w, jak r\u00f3wnie\u017c mo\u017cesz wzbogaci\u0107 j\u0105 miodem, \u015bwie\u017c\u0105 cytryn\u0105, czy sokiem z pigwy.<\/p>\n<p><!-- NOWOCZESNE DODATKI --><\/p>\n<div style=\"margin: 25px 0;padding: 15px 20px;border: 1px solid #eee;border-radius: 8px\">\n<h4 style=\"margin: 0 0 10px 0;font-size: 16px;font-weight: 600\">Profil smakowy<\/h4>\n<ul style=\"padding: 0;margin: 0\">\n<li>\ud83c\udf4b Soczysta cytryna<\/li>\n<li>\u2728 Orze\u017awiaj\u0105cy smak<\/li>\n<li>\ud83c\udf3f Lekko trawiasta nuta<\/li>\n<\/ul>\n<\/div>\n<h4 style=\"margin: 20px 0 10px 0;font-size: 16px;font-weight: 600\">Charakterystyka herbaty<\/h4>\n<p>Zielona herbata Sencha China z dodatkiem suszonej sk\u00f3rki i trawy cytrynowej. Doskonale <strong>orze\u017awia i koi pragnienie<\/strong>, wspieraj\u0105c organizm. Idealna do picia o ka\u017cdej porze dnia, tak\u017ce z dodatkami takimi jak mi\u00f3d czy \u015bwie\u017ca cytryna.<\/p>\n<h4 style=\"margin: 20px 0 10px 0;font-size: 16px;font-weight: 600\">Spos\u00f3b przygotowania<\/h4>\n<ul style=\"padding: 0;margin: 0\">\n<li>\ud83c\udf43 Ilo\u015b\u0107 herbaty: Ok. 1 \u0142y\u017ceczka na fili\u017cank\u0119<\/li>\n<li>\ud83c\udf21\ufe0f Temperatura wody: ok. 85\u00b0C<\/li>\n<li>\u23f3 Czas parzenia: 3 minuty (mo\u017cna zaparzy\u0107 drugi raz po wypiciu\/zlaniu)<\/li>\n<\/ul>\n<h4 style=\"margin: 20px 0 10px 0;font-size: 16px;font-weight: 600\">Sk\u0142adniki<\/h4>\n<ul style=\"padding: 0;margin: 0\">\n<li>\ud83c\udf3f Herbata zielona Sencha China<\/li>\n<li>\ud83c\udf4b Suszona sk\u00f3rka cytryny, trawa cytrynowa<\/li>\n<li>\ud83d\udc43 Aromat<\/li>\n<\/ul>\n<h4 style=\"margin: 20px 0 10px 0;font-size: 16px;font-weight: 600\">Spos\u00f3b przechowywania<\/h4>\n<p>Przechowywa\u0107 w suchym miejscu i temperaturze poni\u017cej 25\u00b0C, w szczelnie zamkni\u0119tym opakowaniu.<\/p>\n<div style=\"margin-top: 20px;padding: 15px;text-align: center;font-style: italic;background: #fafafa;border-radius: 6px\">Idealna dla mi\u0142o\u015bnik\u00f3w <strong>orze\u017awiaj\u0105cych, cytrusowych zielonych herbat<\/strong>.<\/div>\n","protected":false},"excerpt":{"rendered":"<p>Pachn\u0105ca soczyst\u0105 cytryn\u0105 wspania\u0142a herbata sencha wesprze nasz organizm, a  [&#8230;]<\/p>\n","protected":false},"featured_media":2214,"comment_status":"open","ping_status":"closed","template":"","meta":[],"product_brand":[],"product_cat":[27,40],"product_tag":[],"class_list":{"0":"post-1354","1":"product","2":"type-product","3":"status-publish","4":"has-post-thumbnail","6":"product_cat-5herbata","7":"product_cat-2herbata-zielona","9":"first","10":"instock","11":"shipping-taxable","12":"purchasable","13":"product-type-variable"},"_links":{"self":[{"href":"https:\/\/kawazpianka.pl\/index.php\/wp-json\/wp\/v2\/product\/1354","targetHints":{"allow":["GET"]}}],"collection":[{"href":"https:\/\/kawazpianka.pl\/index.php\/wp-json\/wp\/v2\/product"}],"about":[{"href":"https:\/\/kawazpianka.pl\/index.php\/wp-json\/wp\/v2\/types\/product"}],"replies":[{"embeddable":true,"href":"https:\/\/kawazpianka.pl\/index.php\/wp-json\/wp\/v2\/comments?post=1354"}],"wp:featuredmedia":[{"embeddable":true,"href":"https:\/\/kawazpianka.pl\/index.php\/wp-json\/wp\/v2\/media\/2214"}],"wp:attachment":[{"href":"https:\/\/kawazpianka.pl\/index.php\/wp-json\/wp\/v2\/media?parent=1354"}],"wp:term":[{"taxonomy":"product_brand","embeddable":true,"href":"https:\/\/kawazpianka.pl\/index.php\/wp-json\/wp\/v2\/product_brand?post=1354"},{"taxonomy":"product_cat","embeddable":true,"href":"https:\/\/kawazpianka.pl\/index.php\/wp-json\/wp\/v2\/product_cat?post=1354"},{"taxonomy":"product_tag","embeddable":true,"href":"https:\/\/kawazpianka.pl\/index.php\/wp-json\/wp\/v2\/product_tag?post=1354"}],"curies":[{"name":"wp","href":"https:\/\/api.w.org\/{rel}","templated":true}]}}